{"id":70,"date":"2020-02-19T13:32:07","date_gmt":"2020-02-19T12:32:07","guid":{"rendered":"http:\/\/dev.tv-muenster.de\/basketball\/?page_id=70"},"modified":"2023-11-29T20:59:34","modified_gmt":"2023-11-29T19:59:34","slug":"startseite","status":"publish","type":"page","link":"https:\/\/www.tv-muenster.de\/basketball\/","title":{"rendered":"Startseite"},"content":{"rendered":"<p>[vc_row full_width=&#8221;stretch_row_content_no_spaces&#8221; dhsv_margin_bottom=&#8221;vc-margin-bottom-none&#8221;][vc_column][dhsv_vc_header bgimage=&#8221;71&#8243; height=&#8221;giant&#8221; lineheight=&#8221;higher&#8221; headline=&#8221;Basketball&#8221; subline=&#8221;Erfahren Sie mehr \u00fcber unsere Basketballmannschaften, kommende Spiele und Veranstaltungen.&#8221;][\/vc_column][\/vc_row][vc_row dhsv_margin_top=&#8221;vc-margin-top-none&#8221; dhsv_margin_top_negative=&#8221;vc-negative-margin-top&#8221;][vc_column][dhsv_vc_slider_termine][\/vc_column][\/vc_row][vc_row][vc_column][dhsv_vc_calendar showtype=&#8221;small&#8221; sitetype=&#8221;single&#8221; link=&#8221;url:http%3A%2F%2Fwww.tv-muenster.de%2Fbasketball%2Faktuelles%2Fkalender%2F|title:Kalender||&#8221;][\/vc_column][\/vc_row][vc_row][vc_column][dhsv_vc_slider_news][\/vc_column][\/vc_row][vc_row][vc_column width=&#8221;1\/2&#8243;][vc_column_text]<\/p>\n<h3>Abteilung Basketball<\/h3>\n<p>Im Fr\u00fchjahr 2009, wurde das erste M\u00fcnsterer Basketballteam \u201ePurple Haze\u201c als Hobbymanschaft von einigen basketballbegeisterten jungen M\u00e4nnern gegr\u00fcndet. Schnell wurde der TV 1898 M\u00fcnster als Partner f\u00fcr dieses Projekt gewonnen und fortan waren wir eine eigene Abteilung innerhalb des Vereins. In der Folgezeit konnten mehrere Aufstiege gefeiert werden. Neben dem sportlichen Aspekt standen dabei auch immer der Spa\u00df und das soziale Miteinander im Vordergrund.<\/p>\n<p>Aufgrund von privaten Ver\u00e4nderungen bei Spielern und Trainer, sowie Pandemie bedingter Ausfall des Spielbetriebs, konnten wir leider 3 Jahre nicht am Ligabetrieb teilnehmen.<\/p>\n<p>Seit der Saison 21\/22 nimmt \u201ePurple Haze\u201c wieder am Spielbetrieb der Kreisliga C teil.<\/p>\n<p>In der Saison 22\/23 konnte \u201ePurple Haze\u201c in die Kreisliga B Aufsteigen.<\/p>\n<p>Interessierte sind bei uns jederzeit willkommen und k\u00f6nnen sich gerne bei unseren Trainer Jan Franze telefonisch oder per Mail melden.[\/vc_column_text][\/vc_column][vc_column width=&#8221;1\/2&#8243;][vc_single_image image=&#8221;130&#8243;][\/vc_column][\/vc_row][vc_row][vc_column][dhsv_vc_teamviewer][\/vc_column][\/vc_row][vc_row][vc_column][vc_column_text]<\/p>\n<h2 class=\"index\">IMPRESSIONEN<\/h2>\n<h2>SEHEN SIE SICH bilder von den letzten spielen an<\/h2>\n<p>[\/vc_column_text][\/vc_column][\/vc_row][vc_row full_width=&#8221;stretch_row_content_no_spaces&#8221;][vc_column][dhsv_vc_gallerygrid][\/vc_column][\/vc_row]<\/p>\n","protected":false},"excerpt":{"rendered":"<p>[vc_row full_width=&#8221;stretch_row_content_no_spaces&#8221; dhsv_margin_bottom=&#8221;vc-margin-bottom-none&#8221;][vc_column][dhsv_vc_header bgimage=&#8221;71&#8243; height=&#8221;giant&#8221; lineheight=&#8221;higher&#8221; headline=&#8221;Basketball&#8221; subline=&#8221;Erfahren Sie mehr <a class=\"moretag\" href=\"https:\/\/www.tv-muenster.de\/basketball\/\"><br \/> <b>mehr erfahren<\/b><\/a><\/p>\n","protected":false},"author":3,"featured_media":0,"parent":0,"menu_order":0,"comment_status":"closed","ping_status":"closed","template":"","meta":{"footnotes":""},"yoast_head":"<!-- This site is optimized with the Yoast SEO plugin v20.2.1 - https:\/\/yoast.com\/wordpress\/plugins\/seo\/ -->\n<title>Startseite - Basketball<\/title>\n<meta name=\"robots\" content=\"index, follow, max-snippet:-1, max-image-preview:large, max-video-preview:-1\" \/>\n<link rel=\"canonical\" href=\"https:\/\/www.tv-muenster.de\/basketball\/\" \/>\n<meta property=\"og:locale\" content=\"de_DE\" \/>\n<meta property=\"og:type\" content=\"article\" \/>\n<meta property=\"og:title\" content=\"Startseite - Basketball\" \/>\n<meta property=\"og:description\" content=\"[vc_row full_width=&#8221;stretch_row_content_no_spaces&#8221; dhsv_margin_bottom=&#8221;vc-margin-bottom-none&#8221;][vc_column][dhsv_vc_header bgimage=&#8221;71&#8243; height=&#8221;giant&#8221; lineheight=&#8221;higher&#8221; headline=&#8221;Basketball&#8221; subline=&#8221;Erfahren Sie mehr mehr erfahren\" \/>\n<meta property=\"og:url\" content=\"https:\/\/www.tv-muenster.de\/basketball\/\" \/>\n<meta property=\"og:site_name\" content=\"Basketball\" \/>\n<meta property=\"article:modified_time\" content=\"2023-11-29T19:59:34+00:00\" \/>\n<meta name=\"twitter:card\" content=\"summary_large_image\" \/>\n<meta name=\"twitter:label1\" content=\"Gesch\u00e4tzte Lesezeit\" \/>\n\t<meta name=\"twitter:data1\" content=\"1\u00a0Minute\" \/>\n<script type=\"application\/ld+json\" class=\"yoast-schema-graph\">{\"@context\":\"https:\/\/schema.org\",\"@graph\":[{\"@type\":\"WebPage\",\"@id\":\"https:\/\/www.tv-muenster.de\/basketball\/\",\"url\":\"https:\/\/www.tv-muenster.de\/basketball\/\",\"name\":\"Startseite - Basketball\",\"isPartOf\":{\"@id\":\"https:\/\/www.tv-muenster.de\/basketball\/#website\"},\"datePublished\":\"2020-02-19T12:32:07+00:00\",\"dateModified\":\"2023-11-29T19:59:34+00:00\",\"breadcrumb\":{\"@id\":\"https:\/\/www.tv-muenster.de\/basketball\/#breadcrumb\"},\"inLanguage\":\"de\",\"potentialAction\":[{\"@type\":\"ReadAction\",\"target\":[\"https:\/\/www.tv-muenster.de\/basketball\/\"]}]},{\"@type\":\"BreadcrumbList\",\"@id\":\"https:\/\/www.tv-muenster.de\/basketball\/#breadcrumb\",\"itemListElement\":[{\"@type\":\"ListItem\",\"position\":1,\"name\":\"Startseite\",\"item\":\"https:\/\/www.tv-muenster.de\/basketball\/\"},{\"@type\":\"ListItem\",\"position\":2,\"name\":\"Startseite\"}]},{\"@type\":\"WebSite\",\"@id\":\"https:\/\/www.tv-muenster.de\/basketball\/#website\",\"url\":\"https:\/\/www.tv-muenster.de\/basketball\/\",\"name\":\"Basketball\",\"description\":\"Eine weitere Turnverein 1898 M\u00fcnster e.V. Website\",\"potentialAction\":[{\"@type\":\"SearchAction\",\"target\":{\"@type\":\"EntryPoint\",\"urlTemplate\":\"https:\/\/www.tv-muenster.de\/basketball\/?s={search_term_string}\"},\"query-input\":\"required name=search_term_string\"}],\"inLanguage\":\"de\"}]}<\/script>\n<!-- \/ Yoast SEO plugin. -->","yoast_head_json":{"title":"Startseite - Basketball","robots":{"index":"index","follow":"follow","max-snippet":"max-snippet:-1","max-image-preview":"max-image-preview:large","max-video-preview":"max-video-preview:-1"},"canonical":"https:\/\/www.tv-muenster.de\/basketball\/","og_locale":"de_DE","og_type":"article","og_title":"Startseite - Basketball","og_description":"[vc_row full_width=&#8221;stretch_row_content_no_spaces&#8221; dhsv_margin_bottom=&#8221;vc-margin-bottom-none&#8221;][vc_column][dhsv_vc_header bgimage=&#8221;71&#8243; height=&#8221;giant&#8221; lineheight=&#8221;higher&#8221; headline=&#8221;Basketball&#8221; subline=&#8221;Erfahren Sie mehr mehr erfahren","og_url":"https:\/\/www.tv-muenster.de\/basketball\/","og_site_name":"Basketball","article_modified_time":"2023-11-29T19:59:34+00:00","twitter_card":"summary_large_image","twitter_misc":{"Gesch\u00e4tzte Lesezeit":"1\u00a0Minute"},"schema":{"@context":"https:\/\/schema.org","@graph":[{"@type":"WebPage","@id":"https:\/\/www.tv-muenster.de\/basketball\/","url":"https:\/\/www.tv-muenster.de\/basketball\/","name":"Startseite - Basketball","isPartOf":{"@id":"https:\/\/www.tv-muenster.de\/basketball\/#website"},"datePublished":"2020-02-19T12:32:07+00:00","dateModified":"2023-11-29T19:59:34+00:00","breadcrumb":{"@id":"https:\/\/www.tv-muenster.de\/basketball\/#breadcrumb"},"inLanguage":"de","potentialAction":[{"@type":"ReadAction","target":["https:\/\/www.tv-muenster.de\/basketball\/"]}]},{"@type":"BreadcrumbList","@id":"https:\/\/www.tv-muenster.de\/basketball\/#breadcrumb","itemListElement":[{"@type":"ListItem","position":1,"name":"Startseite","item":"https:\/\/www.tv-muenster.de\/basketball\/"},{"@type":"ListItem","position":2,"name":"Startseite"}]},{"@type":"WebSite","@id":"https:\/\/www.tv-muenster.de\/basketball\/#website","url":"https:\/\/www.tv-muenster.de\/basketball\/","name":"Basketball","description":"Eine weitere Turnverein 1898 M\u00fcnster e.V. Website","potentialAction":[{"@type":"SearchAction","target":{"@type":"EntryPoint","urlTemplate":"https:\/\/www.tv-muenster.de\/basketball\/?s={search_term_string}"},"query-input":"required name=search_term_string"}],"inLanguage":"de"}]}},"_links":{"self":[{"href":"https:\/\/www.tv-muenster.de\/basketball\/wp-json\/wp\/v2\/pages\/70"}],"collection":[{"href":"https:\/\/www.tv-muenster.de\/basketball\/wp-json\/wp\/v2\/pages"}],"about":[{"href":"https:\/\/www.tv-muenster.de\/basketball\/wp-json\/wp\/v2\/types\/page"}],"author":[{"embeddable":true,"href":"https:\/\/www.tv-muenster.de\/basketball\/wp-json\/wp\/v2\/users\/3"}],"replies":[{"embeddable":true,"href":"https:\/\/www.tv-muenster.de\/basketball\/wp-json\/wp\/v2\/comments?post=70"}],"version-history":[{"count":19,"href":"https:\/\/www.tv-muenster.de\/basketball\/wp-json\/wp\/v2\/pages\/70\/revisions"}],"predecessor-version":[{"id":194,"href":"https:\/\/www.tv-muenster.de\/basketball\/wp-json\/wp\/v2\/pages\/70\/revisions\/194"}],"wp:attachment":[{"href":"https:\/\/www.tv-muenster.de\/basketball\/wp-json\/wp\/v2\/media?parent=70"}],"curies":[{"name":"wp","href":"https:\/\/api.w.org\/{rel}","templated":true}]}}