{"id":75,"date":"2018-11-02T17:18:29","date_gmt":"2018-11-02T16:18:29","guid":{"rendered":"http:\/\/dev.tv-muenster.de\/handball\/?page_id=75"},"modified":"2022-10-24T10:30:15","modified_gmt":"2022-10-24T08:30:15","slug":"startseite","status":"publish","type":"page","link":"https:\/\/www.tv-muenster.de\/handball\/","title":{"rendered":"Startseite"},"content":{"rendered":"<p>[vc_row full_width=&#8221;stretch_row_content&#8221; dhsv_margin_bottom=&#8221;vc-margin-bottom-none&#8221;][vc_column][dhsv_vc_header bgimage=&#8221;131&#8243; height=&#8221;giant&#8221; lineheight=&#8221;higher&#8221; headline=&#8221;Handball&#8221; subline=&#8221;Erfahren Sie mehr \u00fcber unsere Handballmannschafften, kommende Spiele und Veranstaltungen. Aktuelle Termine und Ergebnisse finden Sie auf der Homepage der HSG (s. link unten)&#8221;][\/vc_column][\/vc_row][vc_row dhsv_margin_top=&#8221;vc-margin-top-none&#8221; dhsv_margin_top_negative=&#8221;vc-negative-margin-top&#8221;][vc_column][dhsv_vc_slider_termine][\/vc_column][\/vc_row][vc_row][vc_column][dhsv_vc_calendar showtype=&#8221;small&#8221; sitetype=&#8221;single&#8221; link=&#8221;url:https%3A%2F%2Fwww.tv-muenster.de%2Fhandball%2Faktuelles%2Fkalender%2F|title:Kalender||&#8221;][\/vc_column][\/vc_row][vc_row][vc_column][dhsv_vc_slider_news][\/vc_column][\/vc_row][vc_row][vc_column][vc_column_text]<\/p>\n<h2 style=\"text-align: left;\">Abteilung Handball<\/h2>\n<p>Die Handballabteilung der TV-M\u00fcnster hat eine Spielgemeinschaft mit dem\u00a0 TAV-Eppertshausen. Der HSG Eppertshausen\/M\u00fcnster geh\u00f6rt heute zu einem der aufstrebenden Vereine in der Region.<\/p>\n<p>Der Verein bietet f\u00fcr Gro\u00df und Klein, Jung und Alt ein breitgef\u00e4chertes Angebot an. Haben wir Ihr Interesse geweckt? Reinschnuppern zum Kennenlernen und Ausprobieren der verschiedenen Angebote kostet bei uns nichts.[\/vc_column_text][vc_row_inner][vc_column_inner width=&#8221;1\/2&#8243;][dhsv_vc_button link=&#8221;url:https%3A%2F%2Fwww.hsg-eppertshausen-muenster.de%2F|title:Zur%20HSG%20Eppertshausen%20M%C3%BCnster||&#8221; btn_lg=&#8221;yes&#8221;][\/vc_column_inner][vc_column_inner width=&#8221;1\/2&#8243;][\/vc_column_inner][\/vc_row_inner][\/vc_column][\/vc_row][vc_row][vc_column][dhsv_vc_teamviewer][\/vc_column][\/vc_row][vc_row][vc_column][vc_column_text]<\/p>\n<h2 class=\"index\">IMPRESSIONEN<\/h2>\n<h2>SEHEN SIE SICH bilder von den letzten spielen an<\/h2>\n<p>[\/vc_column_text][\/vc_column][\/vc_row][vc_row full_width=&#8221;stretch_row_content_no_spaces&#8221;][vc_column][dhsv_vc_gallerygrid link=&#8221;url:https%3A%2F%2Fwww.tv-muenster.de%2Fhandball%2Fgalerie%2F|title:zur%20Galerie||&#8221;][\/vc_column][\/vc_row]<\/p>\n","protected":false},"excerpt":{"rendered":"<p>[vc_row full_width=&#8221;stretch_row_content&#8221; dhsv_margin_bottom=&#8221;vc-margin-bottom-none&#8221;][vc_column][dhsv_vc_header bgimage=&#8221;131&#8243; height=&#8221;giant&#8221; lineheight=&#8221;higher&#8221; headline=&#8221;Handball&#8221; subline=&#8221;Erfahren Sie mehr <a class=\"moretag\" href=\"https:\/\/www.tv-muenster.de\/handball\/\"><br \/> <b>mehr erfahren<\/b><\/a><\/p>\n","protected":false},"author":3,"featured_media":0,"parent":0,"menu_order":4,"comment_status":"closed","ping_status":"closed","template":"","meta":{"footnotes":""},"yoast_head":"<!-- This site is optimized with the Yoast SEO plugin v20.2.1 - https:\/\/yoast.com\/wordpress\/plugins\/seo\/ -->\n<title>Startseite - Handball<\/title>\n<meta name=\"robots\" content=\"index, follow, max-snippet:-1, max-image-preview:large, max-video-preview:-1\" \/>\n<link rel=\"canonical\" href=\"https:\/\/www.tv-muenster.de\/handball\/\" \/>\n<meta property=\"og:locale\" content=\"de_DE\" \/>\n<meta property=\"og:type\" content=\"article\" \/>\n<meta property=\"og:title\" content=\"Startseite - Handball\" \/>\n<meta property=\"og:description\" content=\"[vc_row full_width=&#8221;stretch_row_content&#8221; dhsv_margin_bottom=&#8221;vc-margin-bottom-none&#8221;][vc_column][dhsv_vc_header bgimage=&#8221;131&#8243; height=&#8221;giant&#8221; lineheight=&#8221;higher&#8221; headline=&#8221;Handball&#8221; subline=&#8221;Erfahren Sie mehr mehr erfahren\" \/>\n<meta property=\"og:url\" content=\"https:\/\/www.tv-muenster.de\/handball\/\" \/>\n<meta property=\"og:site_name\" content=\"Handball\" \/>\n<meta property=\"article:modified_time\" content=\"2022-10-24T08:30:15+00:00\" \/>\n<meta name=\"twitter:card\" content=\"summary_large_image\" \/>\n<meta name=\"twitter:label1\" content=\"Gesch\u00e4tzte Lesezeit\" \/>\n\t<meta name=\"twitter:data1\" content=\"1\u00a0Minute\" \/>\n<script type=\"application\/ld+json\" class=\"yoast-schema-graph\">{\"@context\":\"https:\/\/schema.org\",\"@graph\":[{\"@type\":\"WebPage\",\"@id\":\"https:\/\/www.tv-muenster.de\/handball\/\",\"url\":\"https:\/\/www.tv-muenster.de\/handball\/\",\"name\":\"Startseite - Handball\",\"isPartOf\":{\"@id\":\"https:\/\/www.tv-muenster.de\/handball\/#website\"},\"datePublished\":\"2018-11-02T16:18:29+00:00\",\"dateModified\":\"2022-10-24T08:30:15+00:00\",\"breadcrumb\":{\"@id\":\"https:\/\/www.tv-muenster.de\/handball\/#breadcrumb\"},\"inLanguage\":\"de\",\"potentialAction\":[{\"@type\":\"ReadAction\",\"target\":[\"https:\/\/www.tv-muenster.de\/handball\/\"]}]},{\"@type\":\"BreadcrumbList\",\"@id\":\"https:\/\/www.tv-muenster.de\/handball\/#breadcrumb\",\"itemListElement\":[{\"@type\":\"ListItem\",\"position\":1,\"name\":\"Home\",\"item\":\"https:\/\/www.tv-muenster.de\/handball\/\"},{\"@type\":\"ListItem\",\"position\":2,\"name\":\"Startseite\"}]},{\"@type\":\"WebSite\",\"@id\":\"https:\/\/www.tv-muenster.de\/handball\/#website\",\"url\":\"https:\/\/www.tv-muenster.de\/handball\/\",\"name\":\"Handball\",\"description\":\"Eine weitere Turnverein 1898 M\u00fcnster e.V. Website\",\"potentialAction\":[{\"@type\":\"SearchAction\",\"target\":{\"@type\":\"EntryPoint\",\"urlTemplate\":\"https:\/\/www.tv-muenster.de\/handball\/?s={search_term_string}\"},\"query-input\":\"required name=search_term_string\"}],\"inLanguage\":\"de\"}]}<\/script>\n<!-- \/ Yoast SEO plugin. -->","yoast_head_json":{"title":"Startseite - Handball","robots":{"index":"index","follow":"follow","max-snippet":"max-snippet:-1","max-image-preview":"max-image-preview:large","max-video-preview":"max-video-preview:-1"},"canonical":"https:\/\/www.tv-muenster.de\/handball\/","og_locale":"de_DE","og_type":"article","og_title":"Startseite - Handball","og_description":"[vc_row full_width=&#8221;stretch_row_content&#8221; dhsv_margin_bottom=&#8221;vc-margin-bottom-none&#8221;][vc_column][dhsv_vc_header bgimage=&#8221;131&#8243; height=&#8221;giant&#8221; lineheight=&#8221;higher&#8221; headline=&#8221;Handball&#8221; subline=&#8221;Erfahren Sie mehr mehr erfahren","og_url":"https:\/\/www.tv-muenster.de\/handball\/","og_site_name":"Handball","article_modified_time":"2022-10-24T08:30:15+00:00","twitter_card":"summary_large_image","twitter_misc":{"Gesch\u00e4tzte Lesezeit":"1\u00a0Minute"},"schema":{"@context":"https:\/\/schema.org","@graph":[{"@type":"WebPage","@id":"https:\/\/www.tv-muenster.de\/handball\/","url":"https:\/\/www.tv-muenster.de\/handball\/","name":"Startseite - Handball","isPartOf":{"@id":"https:\/\/www.tv-muenster.de\/handball\/#website"},"datePublished":"2018-11-02T16:18:29+00:00","dateModified":"2022-10-24T08:30:15+00:00","breadcrumb":{"@id":"https:\/\/www.tv-muenster.de\/handball\/#breadcrumb"},"inLanguage":"de","potentialAction":[{"@type":"ReadAction","target":["https:\/\/www.tv-muenster.de\/handball\/"]}]},{"@type":"BreadcrumbList","@id":"https:\/\/www.tv-muenster.de\/handball\/#breadcrumb","itemListElement":[{"@type":"ListItem","position":1,"name":"Home","item":"https:\/\/www.tv-muenster.de\/handball\/"},{"@type":"ListItem","position":2,"name":"Startseite"}]},{"@type":"WebSite","@id":"https:\/\/www.tv-muenster.de\/handball\/#website","url":"https:\/\/www.tv-muenster.de\/handball\/","name":"Handball","description":"Eine weitere Turnverein 1898 M\u00fcnster e.V. Website","potentialAction":[{"@type":"SearchAction","target":{"@type":"EntryPoint","urlTemplate":"https:\/\/www.tv-muenster.de\/handball\/?s={search_term_string}"},"query-input":"required name=search_term_string"}],"inLanguage":"de"}]}},"_links":{"self":[{"href":"https:\/\/www.tv-muenster.de\/handball\/wp-json\/wp\/v2\/pages\/75"}],"collection":[{"href":"https:\/\/www.tv-muenster.de\/handball\/wp-json\/wp\/v2\/pages"}],"about":[{"href":"https:\/\/www.tv-muenster.de\/handball\/wp-json\/wp\/v2\/types\/page"}],"author":[{"embeddable":true,"href":"https:\/\/www.tv-muenster.de\/handball\/wp-json\/wp\/v2\/users\/3"}],"replies":[{"embeddable":true,"href":"https:\/\/www.tv-muenster.de\/handball\/wp-json\/wp\/v2\/comments?post=75"}],"version-history":[{"count":60,"href":"https:\/\/www.tv-muenster.de\/handball\/wp-json\/wp\/v2\/pages\/75\/revisions"}],"predecessor-version":[{"id":805,"href":"https:\/\/www.tv-muenster.de\/handball\/wp-json\/wp\/v2\/pages\/75\/revisions\/805"}],"wp:attachment":[{"href":"https:\/\/www.tv-muenster.de\/handball\/wp-json\/wp\/v2\/media?parent=75"}],"curies":[{"name":"wp","href":"https:\/\/api.w.org\/{rel}","templated":true}]}}