{"id":50,"date":"2020-02-19T13:58:06","date_gmt":"2020-02-19T12:58:06","guid":{"rendered":"http:\/\/dev.tv-muenster.de\/turnen\/?page_id=50"},"modified":"2021-06-08T21:35:28","modified_gmt":"2021-06-08T19:35:28","slug":"startseite","status":"publish","type":"page","link":"https:\/\/www.tv-muenster.de\/turnen\/","title":{"rendered":"Startseite"},"content":{"rendered":"<p>[vc_row full_width=&#8221;stretch_row_content_no_spaces&#8221; dhsv_margin_bottom=&#8221;vc-margin-bottom-none&#8221;][vc_column][dhsv_vc_header bgimage=&#8221;335&#8243; height=&#8221;giant&#8221; lineheight=&#8221;higher&#8221; headline=&#8221;Turnen&#8221; subline=&#8221;Erfahren Sie mehr \u00fcber unsere Turnmannschaften, kommende Wettk\u00e4mpfe und<br \/>\nVeranstaltungen.&#8221;][\/vc_column][\/vc_row][vc_row dhsv_margin_top=&#8221;vc-margin-top-none&#8221; dhsv_margin_top_negative=&#8221;vc-negative-margin-top&#8221;][vc_column][dhsv_vc_slider_termine][\/vc_column][\/vc_row][vc_row][vc_column][dhsv_vc_calendar showtype=&#8221;small&#8221; sitetype=&#8221;single&#8221; link=&#8221;url:http%3A%2F%2Fwww.tv-muenster.de%2Fturnen%2Faktuelles%2Fkalender%2F|title:Kalender||&#8221;][\/vc_column][\/vc_row][vc_row][vc_column][dhsv_vc_slider_news][\/vc_column][\/vc_row][vc_row][vc_column width=&#8221;1\/2&#8243;][vc_column_text]<\/p>\n<h3>Abteilung Turnen<\/h3>\n<p>Die Abteilung Turnen ist die traditionsreichste und gr\u00f6\u00dfte Abteilung. Die Abteilung bietet schon f\u00fcr die Kleinsten im Eltern-Kind-Turnen ein Angebot, Spa\u00df an der Bewegung und die motorische Entwicklung der Kinder zu f\u00f6rdern.<\/p>\n<p>Weiter geht es mit dem Purzelturnen. Ziel des Purzelturnens ist es, den Kindern turnerische Grundlagen auf spielerische Art und Weise zu vermitteln und die motorischen F\u00e4higkeiten weiterzuentwickeln. Spa\u00df an der Bewegung steht im Vordergrund. Wie spielen, tanzen, klettern, h\u00fcpfen, balancieren und vieles mehr.<\/p>\n<p>Mit zunehmenden Alter, ab 6 Jahren, bieten wir allgemeines M\u00e4dchenturnen und Leistungsturnen M\u00e4dchen von 6 bis 25 Jahren an. Unsere Leistungsturnerinnen sind bis auf Landesebene erfolgreich.[\/vc_column_text][vc_row_inner][vc_column_inner width=&#8221;1\/2&#8243;][dhsv_vc_button link=&#8221;url:https%3A%2F%2Fturnen.tv1898.de%2F|title:Zur%20alten%20Turnseite||&#8221; btn_lg=&#8221;yes&#8221;][\/vc_column_inner][vc_column_inner width=&#8221;1\/2&#8243;][\/vc_column_inner][\/vc_row_inner][\/vc_column][vc_column width=&#8221;1\/2&#8243;][vc_single_image image=&#8221;204&#8243;][\/vc_column][\/vc_row][vc_row][vc_column][dhsv_vc_teamviewer][\/vc_column][\/vc_row][vc_row][vc_column][vc_column_text]<\/p>\n<h2 class=\"index\">IMPRESSIONEN<\/h2>\n<h2>SEHEN SIE SICH bilder von den letzten spielen an<\/h2>\n<p>[\/vc_column_text][\/vc_column][\/vc_row][vc_row full_width=&#8221;stretch_row_content_no_spaces&#8221;][vc_column][dhsv_vc_gallerygrid link=&#8221;url:http%3A%2F%2Fwww.tv-muenster.de%2Fturnen%2Fgalerie%2F|title:zur%20Galerie||&#8221;][\/vc_column][\/vc_row]<\/p>\n","protected":false},"excerpt":{"rendered":"<p>[vc_row full_width=&#8221;stretch_row_content_no_spaces&#8221; dhsv_margin_bottom=&#8221;vc-margin-bottom-none&#8221;][vc_column][dhsv_vc_header bgimage=&#8221;335&#8243; height=&#8221;giant&#8221; lineheight=&#8221;higher&#8221; headline=&#8221;Turnen&#8221; subline=&#8221;Erfahren Sie mehr <a class=\"moretag\" href=\"https:\/\/www.tv-muenster.de\/turnen\/\"><br \/> <b>mehr erfahren<\/b><\/a><\/p>\n","protected":false},"author":3,"featured_media":0,"parent":0,"menu_order":0,"comment_status":"closed","ping_status":"closed","template":"","meta":{"footnotes":""},"yoast_head":"<!-- This site is optimized with the Yoast SEO plugin v20.2.1 - https:\/\/yoast.com\/wordpress\/plugins\/seo\/ -->\n<title>Startseite - Turnen<\/title>\n<meta name=\"robots\" content=\"index, follow, max-snippet:-1, max-image-preview:large, max-video-preview:-1\" \/>\n<link rel=\"canonical\" href=\"https:\/\/www.tv-muenster.de\/turnen\/\" \/>\n<meta property=\"og:locale\" content=\"de_DE\" \/>\n<meta property=\"og:type\" content=\"article\" \/>\n<meta property=\"og:title\" content=\"Startseite - Turnen\" \/>\n<meta property=\"og:description\" content=\"[vc_row full_width=&#8221;stretch_row_content_no_spaces&#8221; dhsv_margin_bottom=&#8221;vc-margin-bottom-none&#8221;][vc_column][dhsv_vc_header bgimage=&#8221;335&#8243; height=&#8221;giant&#8221; lineheight=&#8221;higher&#8221; headline=&#8221;Turnen&#8221; subline=&#8221;Erfahren Sie mehr mehr erfahren\" \/>\n<meta property=\"og:url\" content=\"https:\/\/www.tv-muenster.de\/turnen\/\" \/>\n<meta property=\"og:site_name\" content=\"Turnen\" \/>\n<meta property=\"article:modified_time\" content=\"2021-06-08T19:35:28+00:00\" \/>\n<meta name=\"twitter:card\" content=\"summary_large_image\" \/>\n<meta name=\"twitter:label1\" content=\"Gesch\u00e4tzte Lesezeit\" \/>\n\t<meta name=\"twitter:data1\" content=\"1\u00a0Minute\" \/>\n<script type=\"application\/ld+json\" class=\"yoast-schema-graph\">{\"@context\":\"https:\/\/schema.org\",\"@graph\":[{\"@type\":\"WebPage\",\"@id\":\"https:\/\/www.tv-muenster.de\/turnen\/\",\"url\":\"https:\/\/www.tv-muenster.de\/turnen\/\",\"name\":\"Startseite - Turnen\",\"isPartOf\":{\"@id\":\"https:\/\/www.tv-muenster.de\/turnen\/#website\"},\"datePublished\":\"2020-02-19T12:58:06+00:00\",\"dateModified\":\"2021-06-08T19:35:28+00:00\",\"breadcrumb\":{\"@id\":\"https:\/\/www.tv-muenster.de\/turnen\/#breadcrumb\"},\"inLanguage\":\"de\",\"potentialAction\":[{\"@type\":\"ReadAction\",\"target\":[\"https:\/\/www.tv-muenster.de\/turnen\/\"]}]},{\"@type\":\"BreadcrumbList\",\"@id\":\"https:\/\/www.tv-muenster.de\/turnen\/#breadcrumb\",\"itemListElement\":[{\"@type\":\"ListItem\",\"position\":1,\"name\":\"Startseite\",\"item\":\"https:\/\/www.tv-muenster.de\/turnen\/\"},{\"@type\":\"ListItem\",\"position\":2,\"name\":\"Startseite\"}]},{\"@type\":\"WebSite\",\"@id\":\"https:\/\/www.tv-muenster.de\/turnen\/#website\",\"url\":\"https:\/\/www.tv-muenster.de\/turnen\/\",\"name\":\"Turnen\",\"description\":\"Eine weitere Turnverein 1898 M\u00fcnster e.V. Website\",\"potentialAction\":[{\"@type\":\"SearchAction\",\"target\":{\"@type\":\"EntryPoint\",\"urlTemplate\":\"https:\/\/www.tv-muenster.de\/turnen\/?s={search_term_string}\"},\"query-input\":\"required name=search_term_string\"}],\"inLanguage\":\"de\"}]}<\/script>\n<!-- \/ Yoast SEO plugin. -->","yoast_head_json":{"title":"Startseite - Turnen","robots":{"index":"index","follow":"follow","max-snippet":"max-snippet:-1","max-image-preview":"max-image-preview:large","max-video-preview":"max-video-preview:-1"},"canonical":"https:\/\/www.tv-muenster.de\/turnen\/","og_locale":"de_DE","og_type":"article","og_title":"Startseite - Turnen","og_description":"[vc_row full_width=&#8221;stretch_row_content_no_spaces&#8221; dhsv_margin_bottom=&#8221;vc-margin-bottom-none&#8221;][vc_column][dhsv_vc_header bgimage=&#8221;335&#8243; height=&#8221;giant&#8221; lineheight=&#8221;higher&#8221; headline=&#8221;Turnen&#8221; subline=&#8221;Erfahren Sie mehr mehr erfahren","og_url":"https:\/\/www.tv-muenster.de\/turnen\/","og_site_name":"Turnen","article_modified_time":"2021-06-08T19:35:28+00:00","twitter_card":"summary_large_image","twitter_misc":{"Gesch\u00e4tzte Lesezeit":"1\u00a0Minute"},"schema":{"@context":"https:\/\/schema.org","@graph":[{"@type":"WebPage","@id":"https:\/\/www.tv-muenster.de\/turnen\/","url":"https:\/\/www.tv-muenster.de\/turnen\/","name":"Startseite - Turnen","isPartOf":{"@id":"https:\/\/www.tv-muenster.de\/turnen\/#website"},"datePublished":"2020-02-19T12:58:06+00:00","dateModified":"2021-06-08T19:35:28+00:00","breadcrumb":{"@id":"https:\/\/www.tv-muenster.de\/turnen\/#breadcrumb"},"inLanguage":"de","potentialAction":[{"@type":"ReadAction","target":["https:\/\/www.tv-muenster.de\/turnen\/"]}]},{"@type":"BreadcrumbList","@id":"https:\/\/www.tv-muenster.de\/turnen\/#breadcrumb","itemListElement":[{"@type":"ListItem","position":1,"name":"Startseite","item":"https:\/\/www.tv-muenster.de\/turnen\/"},{"@type":"ListItem","position":2,"name":"Startseite"}]},{"@type":"WebSite","@id":"https:\/\/www.tv-muenster.de\/turnen\/#website","url":"https:\/\/www.tv-muenster.de\/turnen\/","name":"Turnen","description":"Eine weitere Turnverein 1898 M\u00fcnster e.V. Website","potentialAction":[{"@type":"SearchAction","target":{"@type":"EntryPoint","urlTemplate":"https:\/\/www.tv-muenster.de\/turnen\/?s={search_term_string}"},"query-input":"required name=search_term_string"}],"inLanguage":"de"}]}},"_links":{"self":[{"href":"https:\/\/www.tv-muenster.de\/turnen\/wp-json\/wp\/v2\/pages\/50"}],"collection":[{"href":"https:\/\/www.tv-muenster.de\/turnen\/wp-json\/wp\/v2\/pages"}],"about":[{"href":"https:\/\/www.tv-muenster.de\/turnen\/wp-json\/wp\/v2\/types\/page"}],"author":[{"embeddable":true,"href":"https:\/\/www.tv-muenster.de\/turnen\/wp-json\/wp\/v2\/users\/3"}],"replies":[{"embeddable":true,"href":"https:\/\/www.tv-muenster.de\/turnen\/wp-json\/wp\/v2\/comments?post=50"}],"version-history":[{"count":15,"href":"https:\/\/www.tv-muenster.de\/turnen\/wp-json\/wp\/v2\/pages\/50\/revisions"}],"predecessor-version":[{"id":70,"href":"https:\/\/www.tv-muenster.de\/turnen\/wp-json\/wp\/v2\/pages\/50\/revisions\/70"}],"wp:attachment":[{"href":"https:\/\/www.tv-muenster.de\/turnen\/wp-json\/wp\/v2\/media?parent=50"}],"curies":[{"name":"wp","href":"https:\/\/api.w.org\/{rel}","templated":true}]}}

<p>[vc_row full_width=&#8221;stretch_row_content_no_spaces&#8221; dhsv_margin_bottom=&#8221;vc-margin-bottom-none&#8221;][vc_column][dhsv_vc_header bgimage=&#8221;335&#8243; height=&#8221;giant&#8221; lineheight=&#8221;higher&#8221; headline=&#8221;Turnen&#8221; subline=&#8221;Erfahren Sie mehr über unsere Turnmannschaften, kommende Wettkämpfe und<br />
Veranstaltungen.&#8221;][/vc_column][/vc_row][vc_row dhsv_margin_top=&#8221;vc-margin-top-none&#8221; dhsv_margin_top_negative=&#8221;vc-negative-margin-top&#8221;][vc_column][dhsv_vc_slider_termine][/vc_column][/vc_row][vc_row][vc_column][dhsv_vc_calendar showtype=&#8221;small&#8221; sitetype=&#8221;single&#8221; link=&#8221;url:http%3A%2F%2Fwww.tv-muenster.de%2Fturnen%2Faktuelles%2Fkalender%2F|title:Kalender||&#8221;][/vc_column][/vc_row][vc_row][vc_column][dhsv_vc_slider_news][/vc_column][/vc_row][vc_row][vc_column width=&#8221;1/2&#8243;][vc_column_text]</p>
<h3>Abteilung Turnen</h3>
<p>Die Abteilung Turnen ist die traditionsreichste und größte Abteilung. Die Abteilung bietet schon für die Kleinsten im Eltern-Kind-Turnen ein Angebot, Spaß an der Bewegung und die motorische Entwicklung der Kinder zu fördern.</p>
<p>Weiter geht es mit dem Purzelturnen. Ziel des Purzelturnens ist es, den Kindern turnerische Grundlagen auf spielerische Art und Weise zu vermitteln und die motorischen Fähigkeiten weiterzuentwickeln. Spaß an der Bewegung steht im Vordergrund. Wie spielen, tanzen, klettern, hüpfen, balancieren und vieles mehr.</p>
<p>Mit zunehmenden Alter, ab 6 Jahren, bieten wir allgemeines Mädchenturnen und Leistungsturnen Mädchen von 6 bis 25 Jahren an. Unsere Leistungsturnerinnen sind bis auf Landesebene erfolgreich.[/vc_column_text][vc_row_inner][vc_column_inner width=&#8221;1/2&#8243;][dhsv_vc_button link=&#8221;url:https%3A%2F%2Fturnen.tv1898.de%2F|title:Zur%20alten%20Turnseite||&#8221; btn_lg=&#8221;yes&#8221;][/vc_column_inner][vc_column_inner width=&#8221;1/2&#8243;][/vc_column_inner][/vc_row_inner][/vc_column][vc_column width=&#8221;1/2&#8243;][vc_single_image image=&#8221;204&#8243;][/vc_column][/vc_row][vc_row][vc_column][dhsv_vc_teamviewer][/vc_column][/vc_row][vc_row][vc_column][vc_column_text]</p>
<h2 class="index">IMPRESSIONEN</h2>
<h2>SEHEN SIE SICH bilder von den letzten spielen an</h2>
<p>[/vc_column_text][/vc_column][/vc_row][vc_row full_width=&#8221;stretch_row_content_no_spaces&#8221;][vc_column][dhsv_vc_gallerygrid link=&#8221;url:http%3A%2F%2Fwww.tv-muenster.de%2Fturnen%2Fgalerie%2F|title:zur%20Galerie||&#8221;][/vc_column][/vc_row]</p>

<!-- This site is optimized with the Yoast SEO plugin v20.2.1 - https://yoast.com/wordpress/plugins/seo/ -->
<title>Startseite - Turnen</title>
<meta name="robots" content="index, follow, max-snippet:-1, max-image-preview:large, max-video-preview:-1" />
<link rel="canonical" href="https://www.tv-muenster.de/turnen/" />
<meta property="og:locale" content="de_DE" />
<meta property="og:type" content="article" />
<meta property="og:title" content="Startseite - Turnen" />
<meta property="og:description" content="[vc_row full_width=&#8221;stretch_row_content_no_spaces&#8221; dhsv_margin_bottom=&#8221;vc-margin-bottom-none&#8221;][vc_column][dhsv_vc_header bgimage=&#8221;335&#8243; height=&#8221;giant&#8221; lineheight=&#8221;higher&#8221; headline=&#8221;Turnen&#8221; subline=&#8221;Erfahren Sie mehr mehr erfahren" />
<meta property="og:url" content="https://www.tv-muenster.de/turnen/" />
<meta property="og:site_name" content="Turnen" />
<meta property="article:modified_time" content="2021-06-08T19:35:28+00:00" />
<meta name="twitter:card" content="summary_large_image" />
<meta name="twitter:label1" content="Geschätzte Lesezeit" />
	<meta name="twitter:data1" content="1 Minute" />
<script type="application/ld+json" class="yoast-schema-graph">{"@context":"https://schema.org","@graph":[{"@type":"WebPage","@id":"https://www.tv-muenster.de/turnen/","url":"https://www.tv-muenster.de/turnen/","name":"Startseite - Turnen","isPartOf":{"@id":"https://www.tv-muenster.de/turnen/#website"},"datePublished":"2020-02-19T12:58:06+00:00","dateModified":"2021-06-08T19:35:28+00:00","breadcrumb":{"@id":"https://www.tv-muenster.de/turnen/#breadcrumb"},"inLanguage":"de","potentialAction":[{"@type":"ReadAction","target":["https://www.tv-muenster.de/turnen/"]}]},{"@type":"BreadcrumbList","@id":"https://www.tv-muenster.de/turnen/#breadcrumb","itemListElement":[{"@type":"ListItem","position":1,"name":"Startseite","item":"https://www.tv-muenster.de/turnen/"},{"@type":"ListItem","position":2,"name":"Startseite"}]},{"@type":"WebSite","@id":"https://www.tv-muenster.de/turnen/#website","url":"https://www.tv-muenster.de/turnen/","name":"Turnen","description":"Eine weitere Turnverein 1898 Münster e.V. Website","potentialAction":[{"@type":"SearchAction","target":{"@type":"EntryPoint","urlTemplate":"https://www.tv-muenster.de/turnen/?s={search_term_string}"},"query-input":"required name=search_term_string"}],"inLanguage":"de"}]}</script>
<!-- / Yoast SEO plugin. -->

Eine weitere Turnverein 1898 Münster e.V. Website
